{"id":67,"date":"2026-01-15T11:03:01","date_gmt":"2026-01-15T11:03:01","guid":{"rendered":"https:\/\/opendeblois.com\/?page_id=67"},"modified":"2026-04-13T08:33:05","modified_gmt":"2026-04-13T08:33:05","slug":"presse","status":"publish","type":"page","link":"https:\/\/opendeblois.com\/index.php\/presse\/","title":{"rendered":"Presse"},"content":{"rendered":"\n<h2 class=\"wp-block-heading\">Communiqu\u00e9s de presse<\/h2>\n\n\n\n<div class=\"wp-block-file\"><a id=\"wp-block-file--media-62e22b7b-d506-4438-b054-6c1c159175d3\" href=\"http:\/\/opendeblois.com\/wp-content\/uploads\/2026\/01\/Communique-de-Presse-N\u00b01-Open-de-Blois-Lancement-dune-nouvelle-ere-1-1.pdf\" target=\"_blank\" rel=\"noreferrer noopener\">CP N\u00b01 &#8211; Open de Blois de Tennis<br>Lancement d&rsquo;une nouvelle \u00e8re !<\/a><a href=\"http:\/\/opendeblois.com\/wp-content\/uploads\/2026\/01\/Communique-de-Presse-N\u00b01-Open-de-Blois-Lancement-dune-nouvelle-ere-1-1.pdf\" class=\"wp-block-file__button wp-element-button\" download aria-describedby=\"wp-block-file--media-62e22b7b-d506-4438-b054-6c1c159175d3\">T\u00e9l\u00e9charger<\/a><\/div>\n\n\n\n<div style=\"height:80px\" aria-hidden=\"true\" class=\"wp-block-spacer\"><\/div>\n\n\n\n<h2 class=\"wp-block-heading\">Retomb\u00e9es de presse<\/h2>\n\n\n\n<h6 class=\"wp-block-heading\"><em><a href=\"https:\/\/www.lanouvellerepublique.fr\/blois\/tennis-nouveau-nom-et-nouveau-depart-pour-le-tournoi-professionnel-de-blois-1769701778\" type=\"link\" id=\"https:\/\/www.lanouvellerepublique.fr\/blois\/tennis-nouveau-nom-et-nouveau-depart-pour-le-tournoi-professionnel-de-blois-1769701778\">Tennis : l\u2019Open de Blois s\u2019affiche<\/a><\/em><br>La Nouvelle R\u00e9publique &#8211; 10 avril 2026<\/h6>\n\n\n\n<h6 class=\"wp-block-heading\"><em><a href=\"https:\/\/www.lanouvellerepublique.fr\/blois\/tennis-nouveau-nom-et-nouveau-depart-pour-le-tournoi-professionnel-de-blois-1769701778\" type=\"link\" id=\"https:\/\/www.lanouvellerepublique.fr\/blois\/tennis-nouveau-nom-et-nouveau-depart-pour-le-tournoi-professionnel-de-blois-1769701778\">Tennis&nbsp;: nouveau nom et nouveau d\u00e9part pour le tournoi professionnel de Blois<\/a><\/em><br>La Nouvelle R\u00e9publique &#8211; 29 janvier 2026<\/h6>\n\n\n\n<div style=\"height:80px\" aria-hidden=\"true\" class=\"wp-block-spacer\"><\/div>\n\n\n\n<h2 class=\"wp-block-heading\">Contact Presse<\/h2>\n\n\n\n<p><strong>Pierre-Maxime Claude<\/strong><br>06 59 95 71 24<br>pierre-maxime.claude@fft.fr<\/p>\n","protected":false},"excerpt":{"rendered":"<p>Communiqu\u00e9s de presse Retomb\u00e9es de presse Tennis : l\u2019Open de Blois s\u2019afficheLa Nouvelle R\u00e9publique &#8211; 10 avril 2026 Tennis&nbsp;: nouveau nom et nouveau d\u00e9part pour le tournoi professionnel de BloisLa Nouvelle R\u00e9publique &#8211; 29 janvier 2026 Contact Presse Pierre-Maxime Claude06 59 95 71 24pierre-maxime.claude@fft.fr<\/p>\n","protected":false},"author":1,"featured_media":0,"parent":0,"menu_order":0,"comment_status":"closed","ping_status":"closed","template":"","meta":{"footnotes":""},"class_list":["post-67","page","type-page","status-publish","hentry"],"yoast_head":"<!-- This site is optimized with the Yoast SEO plugin v26.8 - https:\/\/yoast.com\/product\/yoast-seo-wordpress\/ -->\n<title>Presse - Open de Blois de Tennis<\/title>\n<meta name=\"robots\" content=\"index, follow, max-snippet:-1, max-image-preview:large, max-video-preview:-1\" \/>\n<link rel=\"canonical\" href=\"https:\/\/opendeblois.com\/index.php\/presse\/\" \/>\n<meta property=\"og:locale\" content=\"fr_FR\" \/>\n<meta property=\"og:type\" content=\"article\" \/>\n<meta property=\"og:title\" content=\"Presse - Open de Blois de Tennis\" \/>\n<meta property=\"og:description\" content=\"Communiqu\u00e9s de presse Retomb\u00e9es de presse Tennis : l\u2019Open de Blois s\u2019afficheLa Nouvelle R\u00e9publique &#8211; 10 avril 2026 Tennis&nbsp;: nouveau nom et nouveau d\u00e9part pour le tournoi professionnel de BloisLa Nouvelle R\u00e9publique &#8211; 29 janvier 2026 Contact Presse Pierre-Maxime Claude06 59 95 71 24pierre-maxime.claude@fft.fr\" \/>\n<meta property=\"og:url\" content=\"https:\/\/opendeblois.com\/index.php\/presse\/\" \/>\n<meta property=\"og:site_name\" content=\"Open de Blois de Tennis\" \/>\n<meta property=\"article:modified_time\" content=\"2026-04-13T08:33:05+00:00\" \/>\n<meta name=\"twitter:card\" content=\"summary_large_image\" \/>\n<meta name=\"twitter:label1\" content=\"Dur\u00e9e de lecture estim\u00e9e\" \/>\n\t<meta name=\"twitter:data1\" content=\"1 minute\" \/>\n<script type=\"application\/ld+json\" class=\"yoast-schema-graph\">{\"@context\":\"https:\/\/schema.org\",\"@graph\":[{\"@type\":\"WebPage\",\"@id\":\"https:\/\/opendeblois.com\/index.php\/presse\/\",\"url\":\"https:\/\/opendeblois.com\/index.php\/presse\/\",\"name\":\"Presse - Open de Blois de Tennis\",\"isPartOf\":{\"@id\":\"https:\/\/opendeblois.com\/#website\"},\"datePublished\":\"2026-01-15T11:03:01+00:00\",\"dateModified\":\"2026-04-13T08:33:05+00:00\",\"breadcrumb\":{\"@id\":\"https:\/\/opendeblois.com\/index.php\/presse\/#breadcrumb\"},\"inLanguage\":\"fr-FR\",\"potentialAction\":[{\"@type\":\"ReadAction\",\"target\":[\"https:\/\/opendeblois.com\/index.php\/presse\/\"]}]},{\"@type\":\"BreadcrumbList\",\"@id\":\"https:\/\/opendeblois.com\/index.php\/presse\/#breadcrumb\",\"itemListElement\":[{\"@type\":\"ListItem\",\"position\":1,\"name\":\"Accueil\",\"item\":\"https:\/\/opendeblois.com\/\"},{\"@type\":\"ListItem\",\"position\":2,\"name\":\"Presse\"}]},{\"@type\":\"WebSite\",\"@id\":\"https:\/\/opendeblois.com\/#website\",\"url\":\"https:\/\/opendeblois.com\/\",\"name\":\"Open de Blois de Tennis\",\"description\":\"\",\"publisher\":{\"@id\":\"https:\/\/opendeblois.com\/#organization\"},\"potentialAction\":[{\"@type\":\"SearchAction\",\"target\":{\"@type\":\"EntryPoint\",\"urlTemplate\":\"https:\/\/opendeblois.com\/?s={search_term_string}\"},\"query-input\":{\"@type\":\"PropertyValueSpecification\",\"valueRequired\":true,\"valueName\":\"search_term_string\"}}],\"inLanguage\":\"fr-FR\"},{\"@type\":\"Organization\",\"@id\":\"https:\/\/opendeblois.com\/#organization\",\"name\":\"Open de Blois de Tennis\",\"url\":\"https:\/\/opendeblois.com\/\",\"logo\":{\"@type\":\"ImageObject\",\"inLanguage\":\"fr-FR\",\"@id\":\"https:\/\/opendeblois.com\/#\/schema\/logo\/image\/\",\"url\":\"https:\/\/opendeblois.com\/wp-content\/uploads\/2026\/01\/cropped-Logo-officiel-OB-avec-date-1-scaled-1.png\",\"contentUrl\":\"https:\/\/opendeblois.com\/wp-content\/uploads\/2026\/01\/cropped-Logo-officiel-OB-avec-date-1-scaled-1.png\",\"width\":2560,\"height\":1204,\"caption\":\"Open de Blois de Tennis\"},\"image\":{\"@id\":\"https:\/\/opendeblois.com\/#\/schema\/logo\/image\/\"}}]}<\/script>\n<!-- \/ Yoast SEO plugin. -->","yoast_head_json":{"title":"Presse - Open de Blois de Tennis","robots":{"index":"index","follow":"follow","max-snippet":"max-snippet:-1","max-image-preview":"max-image-preview:large","max-video-preview":"max-video-preview:-1"},"canonical":"https:\/\/opendeblois.com\/index.php\/presse\/","og_locale":"fr_FR","og_type":"article","og_title":"Presse - Open de Blois de Tennis","og_description":"Communiqu\u00e9s de presse Retomb\u00e9es de presse Tennis : l\u2019Open de Blois s\u2019afficheLa Nouvelle R\u00e9publique &#8211; 10 avril 2026 Tennis&nbsp;: nouveau nom et nouveau d\u00e9part pour le tournoi professionnel de BloisLa Nouvelle R\u00e9publique &#8211; 29 janvier 2026 Contact Presse Pierre-Maxime Claude06 59 95 71 24pierre-maxime.claude@fft.fr","og_url":"https:\/\/opendeblois.com\/index.php\/presse\/","og_site_name":"Open de Blois de Tennis","article_modified_time":"2026-04-13T08:33:05+00:00","twitter_card":"summary_large_image","twitter_misc":{"Dur\u00e9e de lecture estim\u00e9e":"1 minute"},"schema":{"@context":"https:\/\/schema.org","@graph":[{"@type":"WebPage","@id":"https:\/\/opendeblois.com\/index.php\/presse\/","url":"https:\/\/opendeblois.com\/index.php\/presse\/","name":"Presse - Open de Blois de Tennis","isPartOf":{"@id":"https:\/\/opendeblois.com\/#website"},"datePublished":"2026-01-15T11:03:01+00:00","dateModified":"2026-04-13T08:33:05+00:00","breadcrumb":{"@id":"https:\/\/opendeblois.com\/index.php\/presse\/#breadcrumb"},"inLanguage":"fr-FR","potentialAction":[{"@type":"ReadAction","target":["https:\/\/opendeblois.com\/index.php\/presse\/"]}]},{"@type":"BreadcrumbList","@id":"https:\/\/opendeblois.com\/index.php\/presse\/#breadcrumb","itemListElement":[{"@type":"ListItem","position":1,"name":"Accueil","item":"https:\/\/opendeblois.com\/"},{"@type":"ListItem","position":2,"name":"Presse"}]},{"@type":"WebSite","@id":"https:\/\/opendeblois.com\/#website","url":"https:\/\/opendeblois.com\/","name":"Open de Blois de Tennis","description":"","publisher":{"@id":"https:\/\/opendeblois.com\/#organization"},"potentialAction":[{"@type":"SearchAction","target":{"@type":"EntryPoint","urlTemplate":"https:\/\/opendeblois.com\/?s={search_term_string}"},"query-input":{"@type":"PropertyValueSpecification","valueRequired":true,"valueName":"search_term_string"}}],"inLanguage":"fr-FR"},{"@type":"Organization","@id":"https:\/\/opendeblois.com\/#organization","name":"Open de Blois de Tennis","url":"https:\/\/opendeblois.com\/","logo":{"@type":"ImageObject","inLanguage":"fr-FR","@id":"https:\/\/opendeblois.com\/#\/schema\/logo\/image\/","url":"https:\/\/opendeblois.com\/wp-content\/uploads\/2026\/01\/cropped-Logo-officiel-OB-avec-date-1-scaled-1.png","contentUrl":"https:\/\/opendeblois.com\/wp-content\/uploads\/2026\/01\/cropped-Logo-officiel-OB-avec-date-1-scaled-1.png","width":2560,"height":1204,"caption":"Open de Blois de Tennis"},"image":{"@id":"https:\/\/opendeblois.com\/#\/schema\/logo\/image\/"}}]}},"_links":{"self":[{"href":"https:\/\/opendeblois.com\/index.php\/wp-json\/wp\/v2\/pages\/67","targetHints":{"allow":["GET"]}}],"collection":[{"href":"https:\/\/opendeblois.com\/index.php\/wp-json\/wp\/v2\/pages"}],"about":[{"href":"https:\/\/opendeblois.com\/index.php\/wp-json\/wp\/v2\/types\/page"}],"author":[{"embeddable":true,"href":"https:\/\/opendeblois.com\/index.php\/wp-json\/wp\/v2\/users\/1"}],"replies":[{"embeddable":true,"href":"https:\/\/opendeblois.com\/index.php\/wp-json\/wp\/v2\/comments?post=67"}],"version-history":[{"count":26,"href":"https:\/\/opendeblois.com\/index.php\/wp-json\/wp\/v2\/pages\/67\/revisions"}],"predecessor-version":[{"id":740,"href":"https:\/\/opendeblois.com\/index.php\/wp-json\/wp\/v2\/pages\/67\/revisions\/740"}],"wp:attachment":[{"href":"https:\/\/opendeblois.com\/index.php\/wp-json\/wp\/v2\/media?parent=67"}],"curies":[{"name":"wp","href":"https:\/\/api.w.org\/{rel}","templated":true}]}}